uppose -f - 2 = 5*p + 3*q, p - 3*q = 17. List the prime factors of p.
2
Let x = 62 + 202. What are the prime factors of x?
2, 3, 11
Let s(d) = -12*d**3 + d**2 - 1. Let r be s(1). Let c be ((-4)/(-6))/(4/r). Let g = 0 - c. List the prime factors of g.
2
Suppose x = -2*p - 0*x + 53, 3*x = -p + 39. List the prime factors of p.
2, 3
Let g(l) = -l**2 + 7*l**2 - 7 - 8*l**2 - 5*l + 3*l**2. List the prime factors of g(7).
7
Let b(k) = -4*k**2 + 5*k - 4. Let r be b(2). Let l = r - -35. List the prime factors of l.
5
Suppose -3*g - g = 0. Suppose 0*k - k = q - 12, g = -2*q + k + 27. What are the prime factors of q?
13
Let m(h) = h**3 - 3*h**2 + 3*h - 1. Let i be m(3). Suppose 2*c = 3*c + 3*o - 12, -o + i = c. Let t(k) = 3*k + 1. What are the prime factors of t(c)?
19
Let x be (-6)/(-15) - 76/(-10). List the prime factors of (-140)/x*4/(-5).
2, 7
Suppose -3*h + 161 = 5*q - 276, -3*q - 477 = -3*h. What are the prime factors of h?
2, 7, 11
Let p(w) = -w**2 - 9*w - 6. Let c be p(-8). Suppose -4*l + 2*g - 4 = -c*g, -5*l + 3*g - 1 = 0. Suppose -5*t + 16 - l = 0. List the prime factors of t.
3
Let f(r) be the first derivative of -2*r**2 + 8*r - 4. List the prime factors of f(-6).
2
Let p(r) = 5*r - 15. Suppose 2*a = -3*q - 0*q + 30, -4*q = 2*a - 40. Let b be p(q). List the prime factors of (-90)/4*(-28)/b.
2, 3
Let y be 13/5 + (-2)/(-5). Let z = -45 + 69. Suppose v - y*v + z = 0. What are the prime factors of v?
2, 3
Let y(k) = k**3 - 6*k**2 + 14*k - 5. List the prime factors of y(7).
2, 71
Suppose 7*f - 2*f = -40. What are the prime factors of (f/(-7))/(8/28)?
2
List the prime factors of (-2345)/(-63) - (-2 + 40/18).
37
Let q = 2 - -1. Suppose 0 = -5*d + n + 235, -q*n - 80 = -4*d + 119. Let r = d + -33. What are the prime factors of r?
13
Let u(s) = -s**2 + 9*s - 3. Let j be u(6). Let g = -7 - -11. Suppose g*f - 5*t - 39 = -10*t, -3*t = f - j. What are the prime factors of f?
2, 3
Let d(p) = p**2 + 5. Let h be d(0). Let w be (-1472)/(-80) + 4/(-10). Suppose 0 = -h*m + 57 + w. What are the prime factors of m?
3, 5
Suppose -2*v - 2*v = -2*b - 118, -3*v + 5*b = -106. What are the prime factors of v?
3
What are the prime factors of 2/(-7) - ((-6558)/21 - 3)?
3, 5, 7
Let p = 8 - 24. Suppose 0 = 3*t - c - 88 + 4, t - 3*c = 28. Let q = t + p. What are the prime factors of q?
2, 3
Let q(w) = -w**3 + 5*w**2 + 9*w - 4. Let n be q(6). Let x be 1 + n/(-6)*-3. Suppose 5*l = -3*y + 3, 0 = -2*y - x - 0. List the prime factors of l.
3
Let u(k) be the second derivative of k**4/6 - k**3/3 - k**2 + 2*k. What are the prime factors of u(3)?
2, 5
Suppose -2*k = 5*c - 4 - 44, -4*k = -2*c + 24. Suppose c - 85 = -5*q. List the prime factors of q.
3, 5
Let w = 2 - 2. Let k = w - -11. Let b = k - 6. List the prime factors of b.
5
Let x(m) be the second derivative of m**3/6 + 3*m**2/2 - 4*m. Let r be x(0). What are the prime factors of r + (-9)/(-3) - 2?
2
Let g(j) = -j**2 - 20*j - 42. List the prime factors of g(-17).
3
Let d(c) = 19*c**3 - 3*c + 4. What are the prime factors of d(2)?
2, 3, 5
Let y = -33 - -124. What are the prime factors of y?
7, 13
Suppose w - 2 = -i, -3*w + 3*i + 7 = -5. Let f = w - -2. List the prime factors of f.
5
Let v be (-2 + 36/15)*-5. Let h be (v - (-28)/6)*6. Suppose 0 = 4*f - 4*d - 16, -4*f + 3*d - 4*d = -h. List the prime factors of f.
2
Let l(p) = p**2 + 9*p - 8. Suppose -5*d + 21 = 71. What are the prime factors of l(d)?
2
Suppose 5*u - 5 - 5 = 0. Let h = 4 - u. Suppose 5*v - 5 = 0, 2*v + h = r - 0*r. What are the prime factors of r?
2
Let a = -1 + 1. Suppose -5*n + 14 = -1. Suppose 2*r + n - 9 = a. List the prime factors of r.
3
Suppose 0 = 4*j - 2*w - 5 + 81, -3*w + 38 = -2*j. Let r(f) = 30*f - 1. Let c be r(1). Let h = c + j. What are the prime factors of h?
2, 5
Let d be (-14 - 1)*(-65)/39. Let z = d + 3. List the prime factors of z.
2, 7
Let a = -19 + 12. Let p(b) = b**3 + 10*b**2 + 15*b + 4. List the prime factors of p(a).
2, 23
Let u(r) = -7*r + 5. Let m be u(-5). Let c = -24 + m. What are the prime factors of c?
2
Let c be 2*(-8)/6*3. Let r be 6/c*(-13 + 1). Suppose 4*k - r - 27 = 0. What are the prime factors of k?
3
Let q = 111 - 55. What are the prime factors of q?
2, 7
Let j(d) = -2*d - 8. Let z be j(-6). Let b(p) = 3*p + 1. Let g be b(1). Suppose -g*l = -z*r - 20, 13 = -0*l + 2*l - r. What are the prime factors of l?
2
Let k(o) = -2*o + 4. Let y(q) = -q**2 + 8*q + 1. Let d be y(9). List the prime factors of k(d).
2, 5
Let b = -4 + 9. Let y(u) = -u**2 - 3*u - 7. Let q(o) = o**2 + 1. Let l(m) = 2*q(m) + y(m). List the prime factors of l(b).
5
Let r = 5 + -7. Let f = r + 24. List the prime factors of f.
2, 11
Let o = 70 + -46. What are the prime factors of o?
2, 3
Suppose -2*x + 0*x = -48. What are the prime factors of x?
2, 3
Let f = 29 - 11. List the prime factors of f.
2, 3
Let n = 187 + -63. List the prime factors of n.
2, 31
Let r(o) = -o**3 - 9*o**2 - 13*o + 3. What are the prime factors of r(-10)?
233
Suppose 6*i = i. Suppose -2*x + 14 + 14 = i. What are the prime factors of x?
2, 7
List the prime factors of (-3)/(-4)*4 - (-41 - 0).
2, 11
Let o(g) = 4*g**3 - g**2 + 6*g + 1. What are the prime factors of o(3)?
2, 59
Let u(j) = 37*j**2 - 4*j - 3. What are the prime factors of u(-2)?
3, 17
Suppose 0 = 3*g - 4*b - 49, 4*b = 2*g - b - 35. Let d(t) = 7*t**3 - t**2 - t. Let o be d(-1). Let a = g + o. List the prime factors of a.
2
Let k = -73 + 207. List the prime factors of k.
2, 67
Let d = -22 + 34. What are the prime factors of d?
2, 3
Let u(s) = 4*s - 3. Let j = -13 - -15. What are the prime factors of u(j)?
5
Let t(i) = -i**3 + 8*i**2 + i - 5. Let m be t(8). Let b(q) = -5 - m + 15 - q**3. List the prime factors of b(0).
7
Let v be 50/(-18) - (-2)/(-9). Let y(d) = -d**3 - 3*d**2 + 2. Let m be y(v). Suppose -3*z + 31 = -t, -m*z + 7 = -z + 3*t. List the prime factors of z.
2, 5
Suppose 0*w + w = 3. Suppose 4*m - w*g + 74 = 243, -3*m - 3*g + 132 = 0. What are the prime factors of m?
43
Let m(v) = v**3 - 6*v**2 + 4*v - 3. Let u be m(5). What are the prime factors of u + 4 + 47 + 1?
2, 11
Suppose -3*m + 104 = -85. What are the prime factors of m?
3, 7
Let t be (0 - -1)/((-5)/(-25)). Suppose 0*q - t*q = -5. Let u = q - -1. What are the prime factors of u?
2
Let d = 4 + 0. Suppose 2*r - 12 = -d*p + 8, 3*r - 10 = -2*p. Suppose g = -3*s + 17, r = -g + 5*g - 2*s - 26. List the prime factors of g.
2
Suppose 2 = 3*o - 7. Suppose z + h + 13 = 2*z, z + o*h = 33. List the prime factors of z.
2, 3
Suppose t + 77 = q, 4*q + 4*t - 284 = -0*q. List the prime factors of q.
2, 37
Suppose -8 = -4*y - 0*y. Suppose 0*n - 5*n + 15 = -5*h, -4*n + 6 = y*h. What are the prime factors of n?
2
Let u(z) = 3*z**3 - 14*z**2 - 4*z - 20. Let f(r) = r**3 - 5*r**2 - r - 7. Let p(b) = 11*f(b) - 4*u(b). List the prime factors of p(-3).
2, 3
Let x be 58/8 - (-2)/(-8). Let i(k) = -k**3 + 7*k**2 - k + 8. Let a be i(x). Suppose t = 11 + a. What are the prime factors of t?
2, 3
Suppose 2*p + 2*p = 196. List the prime factors of p.
7
Let k(c) be the second derivative of 7*c**4/12 - c**3/2 + c**2 - 8*c. What are the prime factors of k(2)?
2, 3
Suppose 0 = 12*p + p - 923. What are the prime factors of p?
71
Let j(v) = v + 81. Let f(o) = -o - 41. Let u(z) = 5*f(z) + 3*j(z). Let r(n) = -n + 13. Let w(h) = 8*r(h) - 3*u(h). List the prime factors of w(-8).
2, 3
Suppose 4 = -2*y - 8. Suppose 2*m - 11 + 5 = 0. What are the prime factors of m/y*-2*4?
2
Let q be (-10)/2*(-4 + 1). Suppose 3*k + q = 0, -5*j = k + 2*k - 15. What are the prime factors of j?
2, 3
Let t(h) = 11*h**2 - 4*h - 4. Let g(y) be the first derivative of 11*y**3/3 - 3*y**2/2 - 3*y + 3. Let j(d) = 3*g(d) - 2*t(d). List the prime factors of j(-1).
11
Suppose y + 5*q = 36, 29 = 2*y + 5*q - 18. Let p(z) = z**3 - 12*z**2 + 12*z + 6. List the prime factors of p(y).
17
Let t = -3 - -14. Suppose n = -2*q - 8, 2*q = -2*n - 0*n - 8. Let w = t - n. List the prime factors of w.
11
List the prime factors of (-1)/3 + 484/12.
2, 5
Let j(p) be the third derivative of -p**4/24 + p**3 - p**2. Suppose -8*c + 4*c = 24. What are the prime factors of j(c)?
2, 3
Suppose 2*f - 10 = 0, 4*f = -d + 3*f. Let x = 5 - d. List the prime factors of x.
2, 5
Suppose 4*k = n + 8, 2*n - 5*k = -0*k - 4. List the prime factors of n.
2
Suppose -159 = -5*k + 